?
2231
What is the highest common factor of 3375943 and 51837?
467
What is the greatest common divisor of 5 and 40892315?
5
Calculate the greatest common divisor of 92320449 and 3224.
403
Calculate the highest common divisor of 59748 and 154323.
39
What is the greatest common divisor of 380 and 21826630?
190
Calculate the highest common factor of 1935 and 10190.
5
Calculate the highest common divisor of 784 and 485616264.
392
What is the greatest common divisor of 110917661 and 5812?
1453
Calculate the greatest common divisor of 110933312 and 142048.
6176
Calculate the highest common factor of 4626 and 29970826.
514
What is the greatest common divisor of 661352 and 372552?
2888
Calculate the highest common divisor of 6295 and 119935.
5
What is the highest common divisor of 1010 and 8815482?
202
Calculate the highest common divisor of 234 and 1011474.
18
Calculate the greatest common factor of 381221064 and 259.
259
Calculate the highest common factor of 1597501 and 26809.
1577
Calculate the highest common factor of 5093 and 16966172.
463
Calculate the greatest common divisor of 6702476 and 51208.
148
Calculate the greatest common divisor of 60 and 25034340.
60
Calculate the highest common factor of 830844 and 44100.
1764
What is the highest common divisor of 2210 and 166114?
26
Calculate the highest common factor of 461645 and 33020.
635
Calculate the highest common factor of 3417 and 3294792.
201
Calculate the greatest common divisor of 5346 and 8811.
99
What is the greatest common factor of 132849 and 32625?
261
Calculate the highest common divisor of 102 and 583593.
51
What is the greatest common factor of 1 and 33310561?
1
What is the greatest common divisor of 4316914 and 36442?
266
Calculate the highest common factor of 1207 and 2040611.
71
What is the highest common divisor of 181145020 and 29435?
1015
What is the highest common divisor of 3041616 and 102?
6
What is the greatest common factor of 20 and 1376898040?
20
What is the greatest common factor of 234318414 and 132?
66
Calculate the highest common divisor of 10 and 33945220.
10
Calculate the highest common divisor of 292964 and 76.
4
What is the highest common factor of 128279 and 47767?
37
What is the greatest common divisor of 49125 and 75456?
393
What is the highest common factor of 67218 and 98?
2
Calculate the greatest common factor of 2408 and 2493785.
301
What is the greatest common factor of 450261 and 110691?
441
Calculate the greatest common factor of 5184 and 248904.
72
What is the greatest common divisor of 34677175 and 650?
325
Calculate the greatest common divisor of 13174 and 707462.
14
Calculate the greatest common divisor of 157406949 and 504.
63
What is the highest common factor of 96878 and 10502?
118
Calculate the highest common factor of 156 and 10321572.
12
What is the highest common divisor of 666568590 and 852?
426
What is the greatest common divisor of 1876 and 244216273?
469
Calculate the highest common divisor of 46630 and 276879614.
9326
What is the highest common factor of 956927 and 64069?
79
Calculate the highest common factor of 653604 and 852.
12
Calculate the highest common divisor of 36 and 56616288.
12
What is the highest common divisor of 1636272534 and 111?
111
Calculate the highest common divisor of 100032 and 343104.
192
Calculate the greatest common divisor of 2297 and 605.
1
Calculate the greatest common divisor of 254848 and 5.
1
Calculate the highest common factor of 261280 and 92584.
568
What is the highest common divisor of 1340025 and 1360?
85
What is the greatest common divisor of 2415 and 1807110?
345
What is the highest common divisor of 297029 and 10144?
317
What is the highest common divisor of 132171 and 17940?
39
What is the greatest common factor of 44 and 9488963?
11
Calculate the greatest common divisor of 192253 and 289.
17
What is the highest common factor of 1128592 and 4656?
16
What is the greatest common divisor of 143 and 41360?
11
Calculate the highest common factor of 1358 and 13605123.
679
Calculate the highest common divisor of 3180517 and 638.
29
Calculate the greatest common factor of 5236923 and 58683.
93
What is the highest common factor of 1224177280 and 1220?
1220
What is the highest common divisor of 3010598 and 782?
34
What is the highest common factor of 252898821 and 21?
21
Calculate the greatest common divisor of 151274 and 1558474.
3518
What is the highest common factor of 38208444 and 5288?
2644
Calculate the highest common divisor of 6787148 and 19177.
151
What is the greatest common factor of 25588 and 1004?
4
Calculate the highest common factor of 3366 and 6955272.
18
What is the highest common divisor of 2592 and 453168?
432
What is the greatest common divisor of 1038 and 114816294?
1038
What is the greatest common factor of 4214432 and 37408?
32
Calculate the greatest common divisor of 8624 and 2283195376.
8624
What is the highest common factor of 7644 and 306582612?
588
Calculate the greatest common factor of 304 and 1182978.
38
Calculate the greatest common factor of 6370771 and 148.
37
Calculate the highest common factor of 4119 and 12021988.
1373
Calculate the highest common factor of 99281 and 3094.
91
Calculate the greatest common factor of 93580 and 26020.
20
Calculate the highest common divisor of 120350635 and 65.
5
What is the highest common factor of 673936 and 9125?
73
What is the greatest common divisor of 106368 and 307837856?
8864
Calculate the greatest common factor of 2080 and 53282320.
1040
What is the greatest common divisor of 3876 and 483049407?
969
What is the greatest common divisor of 3668385 and 55?
5
Calculate the highest common divisor of 8189270 and 310.
310
Calculate the highest common divisor of 24192 and 1423744.
896
Calculate the highest common divisor of 74 and 501083378.
74
What is the highest common factor of 32 and 405226912?
32
What is the highest common factor of 89168 and 132656?
16
Calculate the greatest common divisor of 38020 and 220.
20
What is the greatest common factor of 5256 and 2032028?
292
What is the highest common divisor of 784710432 and 1152?
288
What is the highest common divisor of 67159 and 25290?
281
What is the highest common factor of 3444 and 14289492?
84
What is the highest common factor of 36 and 81804?
12
Calculate the highest common factor of 24 and 25431084.
12
Calculate the highest common divisor of 2606577 and 764.
191
Calculate the greatest common divisor of 965270 and 16.
2
What is the highest common divisor of 191288 and 1000?
8
Calculate the highest common divisor of 2048268 and 672.
12
Calculate the highest common factor of 42245 and 3153465.
2485
What is the greatest common factor of 1807015584 and 1408?
352
What is the greatest common factor of 1480 and 4870260?
20
What is the greatest common factor of 61568529 and 22473?
7491
Calculate the greatest common divisor of 120 and 37606512.
24
What is the highest common factor of 6865606 and 36?
2
Calculate the greatest common factor of 693 and 621423.
99
Calculate the greatest common divisor of 6430770 and 1206.
18
Calculate the highest common divisor of 1224640 and 12067520.
13760
What is the greatest common factor of 322 and 14844177?
23
Calculate the greatest common divisor of 585 and 1176915.
15
What is the highest common factor of 307 and 51269?
307
Calculate the highest common factor of 3708 and 19144507.
103
What is the greatest common divisor of 7 and 15141413?
7
Calculate the greatest common divisor of 122976 and 20174896.
6832
Calculate the greatest common divisor of 21536 and 292.
4
What is the greatest common factor of 12398595 and 11?
11
Calculate the highest common factor of 9971 and 24643710.
767
What is the highest common divisor of 211031157 and 627?
57
Calculate the greatest common factor of 136660870 and 1970.
1970
What is the greatest common factor of 234 and 1608858?
18
Calculate the greatest common factor of 232906 and 867994.
202
Calculate the highest common factor of 125719 and 8403432.
1039
What is the greatest common factor of 44930048 and 323?
17
Calculate the highest common factor of 1136 and 1374063.
71
Calculate the greatest common factor of 558292 and 7812.
28
What is the highest common factor of 1832363 and 200676?
2389
What is the greatest c